9*f**2 - 11*f + 7. What is the units digit of i(-14)?
1
Suppose -p - 3*d - 1939 = -3*p, -p + d = -968. Suppose -5*b = 5*a - 3725, -2*a + p = 4*b - 2011. What is the units digit of b?
3
Let t = 252 - 242. Let d(n) = -n**3 + 17*n**2 + 6*n + 24. What is the tens digit of d(t)?
8
Let m(x) = x**3 + 5*x**2 + 6*x + 8. Let w be m(-4). Suppose w = -5*b + 4*n + 1107, 0 = -2*b - 0*b + n + 444. Let l = -159 + b. What is the units digit of l?
4
Let o(d) = 2*d**3 - 12*d**2 + 18*d + 23. What is the units digit of o(18)?
3
Suppose 12*k - 25*k = -57121 + 5004. What is the units digit of k?
9
Let a = 315 + -411. Let k = 123 + a. What is the units digit of k?
7
Suppose 9*f - 105 - 57 = 0. Suppose 0*g - 16110 = -f*g. What is the hundreds digit of g?
8
Suppose 5*n - 57 = -v + 19, 27 = 2*n - 3*v. Suppose -c + 11 - n = 0, 876 = 3*l - 3*c. What is the units digit of l?
8
Let m = 18495 + -7216. What is the hundreds digit of m?
2
Let o(n) = 2*n**3 - 6*n**2 - 14*n - 1. Let l be o(6). Suppose l + 29 = 4*i. Suppose 80 + i = m. What is the tens digit of m?
2
Let m be (181 - 13)/(3/2). Suppose 286*p + m = 288*p. What is the tens digit of p?
5
Let w be 4 - ((-108)/36)/(3/(-10)). What is the tens digit of (217/14 - 8)/(w/(-124))?
5
Suppose -5*w = -2*h - 16, -h = -4*h - 9. Let j = 335 + -326. Suppose -w*f = j*f - 44. What is the units digit of f?
4
Let r(d) be the first derivative of -d**3/3 - 6*d**2 + 43*d - 33. Let i be r(-15). What is the hundreds digit of 6/(-9)*((2 - i) + -196)?
1
Let h(y) = -y**2 + 11*y - 19. Let p be h(8). Let o(k) = 4*k**3 + 2*k**2 - 6*k - 4. Let l be o(p). Suppose 4*w + 2*w = l. What is the tens digit of w?
8
Suppose 2*x - 4*q - 22 = 0, 3*x = -5*q + 8*q + 21. Suppose 2*p = -i - x*p + 839, -3*i = p - 2517. What is the hundreds digit of i?
8
Let n be 3 - (-21)/(-9) - (-196)/(-6). What is the units digit of (n - -1)*(-4 + -1)?
5
Let g(o) be the third derivative of -o**6/120 + o**4/8 - o**3/2 + 8*o**2. Let r be g(3). Let n = 22 + r. What is the units digit of n?
1
Let c = 3069 - 9. What is the hundreds digit of c?
0
Let r(p) = -8356*p + 338. What is the thousands digit of r(-1)?
8
Suppose 176 = v + 4*f, -3*v + 5*f = -681 + 85. What is the hundreds digit of v?
1
Let x = 27 - 33. Let r be -3 + (-6)/(x/5). Let j(n) = 45*n + 4. What is the tens digit of j(r)?
9
Suppose 9609*p = 9604*p + 5*b + 213760, -5*b = 10. What is the ten thousands digit of p?
4
Let x(a) = -a**2 + 6*a - 3. Let q be x(3). Let u be (q/8)/((-5)/(-20)). Suppose -5*s = -w + 48, -5*w + 5*s + 309 = u*s. What is the units digit of w?
3
Suppose 17*s - 31*s + 14 = 0. Let g(v) = 701*v**2 + v + 2. What is the hundreds digit of g(s)?
7
Suppose 31*t - 138*t = -1486615 - 154123. What is the ten thousands digit of t?
1
Suppose -77*i = -72*i + f - 26000, 0 = -7*i - 5*f + 36400. What is the tens digit of i?
0
Suppose 0 = 1524*m - 1513*m - 31526. What is the thousands digit of m?
2
Suppose 7*w = -9799 + 43483. What is the thousands digit of w?
4
Suppose 29 = 2*f + 5*y, -y = 2*f - 6*y + 21. Suppose -f*l - 3*l = -385. Let r = l + 20. What is the units digit of r?
7
Let q(o) = -o**3 - 19*o**2 + 21*o + 24. Let b be q(-20). Suppose 0 = m - b. Suppose 0 = -4*u - 2*w + 834, 10*u = 5*u - m*w + 1038. What is the tens digit of u?
1
Suppose 30*i = -7*i - 555. What is the hundreds digit of (8196/(-20))/(i/25)?
6
Suppose f + 2*f + 42 = 0. Let v be f/8*-4*17/1. Suppose 0*y = y - v. What is the hundreds digit of y?
1
Let y(a) = -a + 1. Let g be y(-1). Suppose -4*o + 1526 = g*u, -5*o + 2 = -8. What is the units digit of u?
9
Let r be 14/(-3)*36/(-7). Let i = r - -25. What is the units digit of i?
9
Let s = 2836 - 2753. Let t(i) = -i**3 - 6*i**2 + 6*i - 5. Let p be t(-7). Suppose 3*x + 0*x = -2*c + s, 33 = x + p*c. What is the units digit of x?
5
Let m be (125/15)/(-5)*(-48)/10. Let i(f) = 0 + 2*f + 1 + 2. What is the tens digit of i(m)?
1
Suppose 0 = 2*o + 10, -23 = 5*x - 2*o - 48. What is the hundreds digit of ((-4)/8 - 0)*(x - 449)?
2
Suppose 6*u + 11 - 29 = 0. Suppose -g - l = -u*l + 15, 3*g + 5*l = -45. What is the tens digit of 6/g + (-248)/(-20)?
1
Let l(t) = 2856*t + 8703. What is the thousands digit of l(25)?
0
Suppose -4*s - 18*b + 4096 = -14*b, -5*s + 2*b = -5148. Suppose 3*z + s = 7*z + q, -5*q = 3*z - 771. What is the hundreds digit of z?
2
What is the tens digit of ((-5192)/(-10))/(-19 - (-2134)/110)?
9
What is the hundreds digit of (12/10)/((-54)/(-33120))?
7
Let w be 1176/60 + (-16)/10 + 2. Suppose -5*d + w = 0, 2*t + 4*d = -3*t + 561. What is the tens digit of t?
0
What is the units digit of ((-79)/2)/(12/(-3432))?
7
Suppose -23 = -25*h + 27. Suppose x - 420 = -h*q, -8 = -q - q. What is the units digit of x?
2
Suppose 3*g = n + 43, g + 3*n - 25 = 6*n. Let z(k) = k**3 - 10*k**2 - 4*k + 60. What is the hundreds digit of z(g)?
5
Let k = -268 + 268. Suppose u - 5*v - 87 = -2*v, 3*u - 4*v - 256 = k. What is the units digit of u?
4
Suppose -398249 = -53*n + 11650 + 1190118. What is the thousands digit of n?
0
What is the units digit of 8165/(-1)*(-10)/60*12?
0
Let b(m) be the third derivative of -173*m**6/40 + m**5/60 + m**4/6 + m**3/2 + m**2 - 10*m. What is the tens digit of b(-1)?
1
Let i = -1319 + 1346. Let j = -9 - -19. Suppose y - j = i. What is the tens digit of y?
3
Let n(r) = 1328*r + 110. Let b be n(18). Suppose -28*i + b = -15970. What is the units digit of i?
8
Let v = -150 - -270. Let l = 128 + v. Suppose 4*w - 8*w + l = 0. What is the tens digit of w?
6
Let p be ((-16)/88 + 62/(-22))*-1. Suppose 2*c + 224 = -2*n, -c - 2*n = -p*c - 236. Let v = 237 + c. What is the units digit of v?
2
Suppose 5*l + 105 + 395 = 0. Let j be (21/14)/((-3)/248). Let o = l - j. What is the tens digit of o?
2
Let l = -9817 - -23310. What is the hundreds digit of l?
4
Let i = 74207 - 33877. What is the hundreds digit of i?
3
Suppose 479968 + 604025 = 136*a - 486671. What is the hundreds digit of a?
5
What is the thousands digit of (((-8)/6)/((-28)/21174))/(1185/24885)?
1
Suppose 0 = -3*y + 4*b + 74, 54*y - 26 = 55*y + 5*b. Let v be (-4)/14 - (-1158)/(-14). Let x = y - v. What is the tens digit of x?
9
Let u(q) = 2*q**2 + 2*q + 10110. Let f be u(0). Let t be f/20 + 1/2. Suppose h - 14 - 150 = -2*v, t = 3*h - v. What is the tens digit of h?
6
Let v be 7020/15 + (1 - -2). Suppose -5*m + 636 = -2*z, -5*z - 108 = 3*m - v. What is the hundreds digit of m?
1
Suppose 0 = 2*k + 5*v - 115383, -29*k + 3*v = -32*k + 173070. What is the hundreds digit of k?
6
Let s be (-451)/82*(-4)/(-2). Let f(m) = 8*m**2 + 15*m + 37. What is the hundreds digit of f(s)?
8
Let m(f) = f**3 - 6*f**2 + f - 6. Let n be m(6). Let h = 182 - 177. Suppose n = 4*r - 3*o - 488, -4*r + 487 - 31 = h*o. What is the hundreds digit of r?
1
Suppose 0 = 6*f + 120 - 816. Let s = 235 - f. What is the units digit of s?
9
Let h = -37 - -27. Let x be (h + 4)/(3/8). What is the units digit of 34/16 - (-2)/x?
2
Suppose -4*u - 5*t = 99, t = u + 19 - 1. Let m(a) = a**3 + 31*a**2 - 30*a + 115. Let c be m(-32). Let y = c - u. What is the units digit of y?
2
Suppose -f - q = -5, 5*f - q - 10 = 3. Suppose 347 = -4*c + f*n - 62, -3*n = 3*c + 291. Let w = -26 - c. What is the units digit of w?
4
Suppose 3*b = 3*a + 4*b - 16343, a = -b + 5447. What is the tens digit of a?
4
Suppose 55*l - 35*l + 46*l = 604164. What is the hundreds digit of l?
1
Suppose q - 3 = -i, -11*i + 12 = -10*i + 4*q. Suppose i*o = -o + 97. What is the tens digit of o?
9
Suppose -2*c + 6*h = 5*h + 142, -3*c = 5*h + 200. Let o = c - -123. What is the units digit of o?
3
Let c = -151 + 186. Let l = c + 85. What is the hundreds digit of l?
1
Let a = -9 - -12. Suppose 0 = -0*s + a*s - 12. Suppose -3*h + 370 = -0*h + s*o, -3*o + 369 = 3*h. What is the tens digit of h?
2
Let y(j) = j**3 - 16*j**2 - 36*j + 3. Suppose 6*f = -f + 126. What is the units digit of y(f)?
3
Let x = -37944 - -54276. What is the tens digit of x?
3
Suppose 107308 = 4*p + 2*v, 22*v - 23*v = -2*p + 53666. What is the ten thousands digit of p?
2
Let c(q) = 1787*q**2 - 51*q - 135. What is the units digit of c(5)?
5
Suppose -41570*i + 41543*i = -481302. What is the ten thousands digit of i?
1
Let c(s) = 15*s + 27. Let n be c(-5). Let y be 50*(-2 + n/(-20)). What is the tens digit of 498/8 - 1/y*5?
6
Let l(o) = 10*o**3 + 5*o**2 + 4*o - 19. Let s be